1 = 0. Suppose -891 = -145*b + 118*b. Calculate the remainder when q is divided by b.
31
Let x be ((-148)/6)/((-1)/3). Suppose -4*i - 81 = -5*c, 192*c - 188*c - 90 = -i. Suppose d = x + c. Calculate the remainder when d is divided by 14.
11
Let j = 73 + -9. Let s = -523 - -523. Calculate the remainder when j is divided by (1 + s)*(-132)/((-66)/11).
20
Let j(t) = -t + 4. Let w be j(4). Suppose -z + 3*z - 86 = w. What is the remainder when z is divided by 2/(-3)*3 - -11?
7
Calculate the remainder when (-689375)/(-1125) + -2*(-2)/18 is divided by 8.
5
Suppose -r + 5*b = 1 - 0, r + 5*b = 9. Suppose -q = -r*q + 162. Let d = 308 + -300. Calculate the remainder when q is divided by d.
6
Suppose -5*y + 151*q + 462 = 155*q - 808, 0 = -q. What is the remainder when y is divided by 131?
123
Calculate the remainder when 39324/290 - 2/(-5) is divided by 41.
13
Suppose 34*v + 169 = -69. What is the remainder when 190 is divided by (-452)/v + (-12)/21?
62
Let v(l) = 97*l**3 - l**2 + 1. Let h be v(1). Let p = 150 - h. Calculate the remainder when 211 is divided by p.
52
Let s(f) = 10*f - 8. Let z be s(5). Suppose -3*b = 4*n - 3 + 152, -n + 2*b - 29 = 0. Let p = z + n. What is the remainder when 39 is divided by p?
4
Let x(h) = -h**2 + 21*h + 40. Suppose 0 = -5*c - 3*c + 328. What is the remainder when x(19) is divided by c?
37
Let s(m) = m**2 - 5*m - 2. Suppose 0 = -611*b + 72*b + 34496. What is the remainder when b is divided by s(-4)?
30
Suppose 57*n - 215 = 70. Calculate the remainder when 2/(-4) - (331/(-2) + 3) is divided by n.
2
Let j be 9 + -3 + (-12 - -13). Suppose 0 = 2*v - 3*t - 12 - 66, -j*t + 71 = 3*v. Suppose c - 1 = 6. Calculate the remainder when v is divided by c.
5
Suppose 5*t - 105 = -5*c, -7*t + 8*t = -5*c + 93. Let f(v) = -3*v**2 + 57*v - 17. Calculate the remainder when 73 is divided by f(c).
36
Suppose 19*b + 68*b + 7*b - 7708 = 0. What is the remainder when 6149 is divided by b?
81
Let h = -1111 + 1119. What is the remainder when 38 is divided by h?
6
Suppose -8*q = -3*q - 5*w + 145, -3*w = -2*q - 59. Let o be (q/(-6))/(0 + 4/(-6)). Calculate the remainder when -1*1*(-16 + 4 + o) is divided by 5.
4
Let m(c) = -c**2 + c + 29. Let r be m(6). Let i(f) = f + 1. Let v(l) = -35*l - 7. Let t(n) = 2*i(n) + v(n). What is the remainder when 193 is divided by t(r)?
25
Calculate the remainder when 63576/(-27)*(-18)/24 is divided by 93.
92
Suppose -2*f + 92 = 3*r + 51, -4*r + 5*f + 24 = 0. What is the remainder when 1847 is divided by r?
10
Let r = 153 - 43. What is the remainder when r is divided by (7 - (-53 - -2)) + 5?
47
Suppose -4*n - 3*g + 80 = 0, 218977*g - 218980*g = n - 38. Suppose -2*u = -3*m - m + 208, -4*m = 5*u - 208. Calculate the remainder when m is divided by n.
10
Let j = -2103 - -2328. What is the remainder when j is divided by 117?
108
Let g(l) = 3*l**2 + l + 1. Let v be g(-1). Suppose -20 + 110 = v*i. What is the remainder when 298 is divided by i?
28
Let o(i) = 11*i**2 - 4*i - 17*i - 32*i**2 + 17*i**2 + 7. Calculate the remainder when 633 is divided by o(-5).
9
Suppose -5*b + n - 3090 = -9430, -n + 2529 = 2*b. Calculate the remainder when b is divided by 415.
22
Suppose -11*i + 218 = -3577. Suppose -2*j - i = -3*l - 4*j, -5*j = 0. Calculate the remainder when l is divided by 39.
37
Suppose -257*o = -163*o - 865552. Calculate the remainder when o is divided by 15.
13
Let h(w) = -w**2 - 10*w + 58. Let b be h(4). Suppose 4*q - 216 - 34 = -2*k, -480 = -4*k + b*q. What is the remainder when k is divided by 32?
25
Let w be -4 + 3 + 1 - -3. Let a(k) = 55*k + 2. Let i be a(w). Let g = 309 - i. Calculate the remainder when g is divided by 24.
22
Let l = -4 - 5. Let t(p) = p**3 + 10*p**2 + 7*p - 13. Let o(z) = z**2 + 33*z + 13. What is the remainder when o(-33) is divided by t(l)?
3
Suppose -99*s - 17816 + 73204 = 23*s. Calculate the remainder when s is divided by 7.
6
Suppose 0 = -4*i - o + 4177, 5*o + 0 - 5 = 0. Suppose 0 = 7*h - i - 398. What is the remainder when h is divided by 26?
24
Suppose 496 = 5*f - 4*h, -f - 3*h + 59 + 25 = 0. Calculate the remainder when 291 is divided by f.
3
Let z(q) = -q**3 + 10*q**2 + 17*q - 2. Suppose 1338 = 3*r + 4*x, -r + 3*x + 446 = -x. What is the remainder when r is divided by z(11)?
62
Let m(u) = 919*u - 3667. What is the remainder when 1160 is divided by m(4)?
8
Let k(l) = -204*l - 1617. Calculate the remainder when 746 is divided by k(-8).
11
Calculate the remainder when ((-20715)/12 + 6)/(15/4 - 4) is divided by 31.
30
Suppose -4*r + 4 = -40. Let a = -3 + r. Suppose -t = -a*t + 700. What is the remainder when t is divided by 51?
49
Let a(k) = 2*k**3 + 12*k**2 - 11*k - 15. Let f(g) = -g**3 - 5*g**2 + 6*g + 7. Let b(c) = -2*a(c) - 5*f(c). Calculate the remainder when 30 is divided by b(3).
2
Suppose -y - 25 - 1 = -3*g, -4*g + 8 = 4*y. Let i be 43/g - (-13)/(-91). Let u(p) = 3*p**2 - 7*p - 1. Calculate the remainder when u(i) is divided by 36.
29
Suppose -44*d - 1552 = 2100. Let y = d + 168. What is the remainder when 679 is divided by y?
84
Let r(s) = -s + 11. Let z be r(-9). Calculate the remainder when 133 is divided by -25*((-52)/z - -2).
13
Suppose w + 65 = -0*q + 2*q, 260 = -4*w - 3*q. Let d = 229 + -126. Let f = d + w. Calculate the remainder when f is divided by 8.
6
Suppose 33 = -16*l + 5*l. What is the remainder when 108 is divided by ((-32)/6)/(-8) - 82/l?
24
Suppose -2*h - 181 = -3*p, -3*p - 2*p - h = -293. Calculate the remainder when p is divided by 0 - ((-9 - 0) + (-4640)/232).
1
Let x = 3801 - 3754. What is the remainder when 311 is divided by x?
29
Suppose -4*v - 15 = v, -g = 4*v - 34. Suppose -34*l - 3992 = -94*l + 3568. What is the remainder when l is divided by g?
34
Let g be (-4)/(7/(-210)*-5). What is the remainder when (-6)/5 - g/120 - -80 is divided by 27?
25
Suppose -6 = -2*q - 0. Let c(y) = 2*y**3 - 126*y**2 + 113*y + 695. What is the remainder when c(62) is divided by q?
1
What is the remainder when (-3)/9*-140421 - (-15 - -6) - 2 is divided by 77?
75
Let h(j) = 2*j**3 - 2*j + 2. Let m be 6 + -7 + -2 + -1 - -2. Let k be ((-3)/(-15))/(m/(-30)). Calculate the remainder when h(k) is divided by 14.
8
Suppose 0 = -5*h - 5. Let z(w) = 92*w**2 + 8*w + 10. Calculate the remainder when z(-1) is divided by (3/6)/(h/(-64)).
30
Let f = -4573 - -4585. Suppose 0 = -m + 3*g + 89, 0*m + 2*m - g = 203. What is the remainder when m is divided by f?
8
Let u(q) = q**2 - 3*q - 1. Suppose -3*s = 5*k + 25, -2*s + 0*s = 3*k + 16. Let m = 68 - 47. Calculate the remainder when u(s) is divided by m.
18
Let n = -598 - -683. Suppose -o - 5*r + 47 = 0, 3*o - 6*o = r - n. What is the remainder when 56 is divided by o?
2
Let y(k) = 5*k**2 + 2*k - 38. What is the remainder when y(-7) is divided by 108?
85
Let n(j) = -6*j**2 - 201*j - 51. Calculate the remainder when 215 is divided by n(-33).
23
Suppose 82 = 2*s + 16. Suppose -4*d + s = -55. Let c = 4 + d. What is the remainder when c is divided by 14?
12
Let x = 165 + -174. What is the remainder when ((-2)/8 - 2)/(x/396) is divided by 17?
14
Let f = -161 - -202. Let n = f - -1. What is the remainder when n is divided by 14?
0
Let v(u) = 2*u**2 - 5*u - 28. Suppose -6*r + r = -5*q + 20, 5*q - r = 0. What is the remainder when 67 + q/((-5)/10) is divided by v(7)?
34
Calculate the remainder when 312/2 + (-2 - 30/(-10)) is divided by 19.
5
Let m = -3973 + 4481. What is the remainder when m is divided by 14?
4
Suppose -34*i + 83 + 53 = 0. Suppose 0 = i*o + 100 - 980. Calculate the remainder when o is divided by 13.
12
Let r = 1515 + -389. What is the remainder when r is divided by 21?
13
Suppose 49 = -2*i + 131 - 52. Calculate the remainder when 1616 is divided by i.
11
Let v(n) = n**3 - 10*n**2 + 12*n + 20. Let g be v(10). Let l = -127 + g. What is the remainder when 47 is divided by l?
8
Suppose 0 = n - 0*n - 8. Suppose n*y + 3 = 19. Suppose 5*s + 82 = 2*k + s, s - 57 = -y*k. Calculate the remainder when k is divided by 13.
5
Let f(u) = -u**3 + 14*u**2 + 55*u + 32. Let w = -53 + 10. Let k = -17 - w. What is the remainder when f(17) is divided by k?
22
Let d = 1549 - 860. Let b = d - 466. What is the remainder when b is divided by 7?
6
Let p(a) = 9*a + 3. Let v be p(8). Suppose -21*x = -16*x - v. Calculate the remainder when 151 is divided by ((-10)/x*1)/